[INFO] fetching crate drone-stm32-map-periph-exti 0.14.0...
[INFO] building drone-stm32-map-periph-exti-0.14.0 against master#881c1ac408d93bb7adaa3a51dabab9266e82eee8 for issue-85264
[INFO] extracting crate drone-stm32-map-periph-exti 0.14.0 into /workspace/builds/worker-8/source
[INFO] validating manifest of crates.io crate drone-stm32-map-periph-exti 0.14.0 on toolchain 881c1ac408d93bb7adaa3a51dabab9266e82eee8
[INFO] running `Command { std: "/workspace/cargo-home/bin/cargo" "+881c1ac408d93bb7adaa3a51dabab9266e82eee8" "metadata" "--manifest-path" "Cargo.toml" "--no-deps", kill_on_drop: false }`
[INFO] started tweaking crates.io crate drone-stm32-map-periph-exti 0.14.0
[INFO] finished tweaking crates.io crate drone-stm32-map-periph-exti 0.14.0
[INFO] tweaked toml for crates.io crate drone-stm32-map-periph-exti 0.14.0 written to /workspace/builds/worker-8/source/Cargo.toml
[INFO] running `Command { std: "/workspace/cargo-home/bin/cargo" "+881c1ac408d93bb7adaa3a51dabab9266e82eee8" "generate-lockfile" "--manifest-path" "Cargo.toml" "-Zno-index-update", kill_on_drop: false }`
[INFO] running `Command { std: "/workspace/cargo-home/bin/cargo" "+881c1ac408d93bb7adaa3a51dabab9266e82eee8" "fetch" "--manifest-path" "Cargo.toml", kill_on_drop: false }`
[INFO] [stderr]     Blocking waiting for file lock on package cache
[INFO] running `Command { std: "docker" "create" "-v" "/var/lib/crater-agent-workspace/builds/worker-8/target:/opt/rustwide/target:rw,Z" "-v" "/var/lib/crater-agent-workspace/builds/worker-8/source:/opt/rustwide/workdir:ro,Z" "-v" "/var/lib/crater-agent-workspace/cargo-home:/opt/rustwide/cargo-home:ro,Z" "-v" "/var/lib/crater-agent-workspace/rustup-home:/opt/rustwide/rustup-home:ro,Z" "-e" "SOURCE_DIR=/opt/rustwide/workdir" "-e" "CARGO_TARGET_DIR=/opt/rustwide/target" "-e" "CARGO_HOME=/opt/rustwide/cargo-home" "-e" "RUSTUP_HOME=/opt/rustwide/rustup-home" "-w" "/opt/rustwide/workdir" "-m" "1610612736" "--user" "0:0" "--network" "none" "ghcr.io/rust-lang/crates-build-env/linux@sha256:20528e8c29e4536546f0102ce88568b16ea7538393a33fcca951030f7af10457" "/opt/rustwide/cargo-home/bin/cargo" "+881c1ac408d93bb7adaa3a51dabab9266e82eee8" "metadata" "--no-deps" "--format-version=1", kill_on_drop: false }`
[INFO] [stdout] 4ffbbd03b9a69dc05ece7673c59036f66bbd9a902410e06ac85d1a20f81d0b07
[INFO] [stderr] WARNING: Your kernel does not support swap limit capabilities or the cgroup is not mounted. Memory limited without swap.
[INFO] running `Command { std: "docker" "start" "-a" "4ffbbd03b9a69dc05ece7673c59036f66bbd9a902410e06ac85d1a20f81d0b07", kill_on_drop: false }`
[INFO] running `Command { std: "docker" "inspect" "4ffbbd03b9a69dc05ece7673c59036f66bbd9a902410e06ac85d1a20f81d0b07", kill_on_drop: false }`
[INFO] running `Command { std: "docker" "rm" "-f" "4ffbbd03b9a69dc05ece7673c59036f66bbd9a902410e06ac85d1a20f81d0b07", kill_on_drop: false }`
[INFO] [stdout] 4ffbbd03b9a69dc05ece7673c59036f66bbd9a902410e06ac85d1a20f81d0b07
[INFO] running `Command { std: "docker" "create" "-v" "/var/lib/crater-agent-workspace/builds/worker-8/target:/opt/rustwide/target:rw,Z" "-v" "/var/lib/crater-agent-workspace/builds/worker-8/source:/opt/rustwide/workdir:ro,Z" "-v" "/var/lib/crater-agent-workspace/cargo-home:/opt/rustwide/cargo-home:ro,Z" "-v" "/var/lib/crater-agent-workspace/rustup-home:/opt/rustwide/rustup-home:ro,Z" "-e" "SOURCE_DIR=/opt/rustwide/workdir" "-e" "CARGO_TARGET_DIR=/opt/rustwide/target" "-e" "CARGO_INCREMENTAL=0" "-e" "RUST_BACKTRACE=full" "-e" "RUSTFLAGS=--cap-lints=forbid" "-e" "CARGO_HOME=/opt/rustwide/cargo-home" "-e" "RUSTUP_HOME=/opt/rustwide/rustup-home" "-w" "/opt/rustwide/workdir" "-m" "1610612736" "--user" "0:0" "--network" "none" "ghcr.io/rust-lang/crates-build-env/linux@sha256:20528e8c29e4536546f0102ce88568b16ea7538393a33fcca951030f7af10457" "/opt/rustwide/cargo-home/bin/cargo" "+881c1ac408d93bb7adaa3a51dabab9266e82eee8" "build" "--frozen" "--message-format=json", kill_on_drop: false }`
[INFO] [stdout] 7ebfd3d15b3f9bf940071ce990c2adb82c596ad87d9f52a24c0f3ea0c747cc6d
[INFO] [stderr] WARNING: Your kernel does not support swap limit capabilities or the cgroup is not mounted. Memory limited without swap.
[INFO] running `Command { std: "docker" "start" "-a" "7ebfd3d15b3f9bf940071ce990c2adb82c596ad87d9f52a24c0f3ea0c747cc6d", kill_on_drop: false }`
[INFO] [stderr]    Compiling drone-core v0.14.2
[INFO] [stderr]    Compiling drone-stm32-map-pieces-6 v0.14.0
[INFO] [stderr]    Compiling drone-stm32-map-pieces-11 v0.14.0
[INFO] [stderr]    Compiling drone-stm32-map-pieces-9 v0.14.0
[INFO] [stderr]    Compiling drone-stm32-map-pieces-7 v0.14.0
[INFO] [stderr]    Compiling drone-stm32-map-pieces-8 v0.14.0
[INFO] [stderr]    Compiling drone-stm32-map-pieces-5 v0.14.0
[INFO] [stderr]    Compiling drone-stm32-map-pieces-12 v0.14.0
[INFO] [stderr]    Compiling drone-stm32-map-pieces-4 v0.14.0
[INFO] [stderr]    Compiling drone-stm32-map-pieces-10 v0.14.0
[INFO] [stderr]    Compiling drone-stm32-map-pieces-1 v0.14.0
[INFO] [stderr]    Compiling drone-stm32-map-pieces-3 v0.14.0
[INFO] [stderr]    Compiling drone-stm32-map-pieces-2 v0.14.0
[INFO] [stderr]    Compiling drone-stm32-map-pieces v0.14.0
[INFO] [stderr] error: failed to run custom build command for `drone-stm32-map-pieces-11 v0.14.0`
[INFO] [stderr] 
[INFO] [stderr] Caused by:
[INFO] [stderr]   process didn't exit successfully: `/opt/rustwide/target/debug/build/drone-stm32-map-pieces-11-7eac4b996e491694/build-script-build` (exit status: 1)
[INFO] [stderr]   --- stdout
[INFO] [stderr]   cargo:rerun-if-env-changed=RUSTFLAGS
[INFO] [stderr] 
[INFO] [stderr]   --- stderr
[INFO] [stderr]   Error: environment variable not found
[INFO] [stderr] 
[INFO] [stderr]   Stack backtrace:
[INFO] [stderr]      0: anyhow::error::<impl core::convert::From<E> for anyhow::Error>::from
[INFO] [stderr]                at /opt/rustwide/cargo-home/registry/src/github.com-1ecc6299db9ec823/anyhow-1.0.40/src/error.rs:519:25
[INFO] [stderr]      1: drone_stm32_map_svd::svd_deserialize
[INFO] [stderr]                at /opt/rustwide/cargo-home/registry/src/github.com-1ecc6299db9ec823/drone-stm32-map-svd-0.14.0/src/lib.rs:51:42
[INFO] [stderr]      2: drone_stm32_map_svd::generate_regs
[INFO] [stderr]                at /opt/rustwide/cargo-home/registry/src/github.com-1ecc6299db9ec823/drone-stm32-map-svd-0.14.0/src/lib.rs:28:15
[INFO] [stderr]      3: build_script_build::main
[INFO] [stderr]                at ./build.rs:2:5
[INFO] [stderr]      4: core::ops::function::FnOnce::call_once
[INFO] [stderr]                at /rustc/881c1ac408d93bb7adaa3a51dabab9266e82eee8/library/core/src/ops/function.rs:227:5
[INFO] [stderr]      5: std::sys_common::backtrace::__rust_begin_short_backtrace
[INFO] [stderr]                at /rustc/881c1ac408d93bb7adaa3a51dabab9266e82eee8/library/std/src/sys_common/backtrace.rs:125:18
[INFO] [stderr]      6: std::rt::lang_start::{{closure}}
[INFO] [stderr]                at /rustc/881c1ac408d93bb7adaa3a51dabab9266e82eee8/library/std/src/rt.rs:49:18
[INFO] [stderr]      7: core::ops::function::impls::<impl core::ops::function::FnOnce<A> for &F>::call_once
[INFO] [stderr]                at /rustc/881c1ac408d93bb7adaa3a51dabab9266e82eee8/library/core/src/ops/function.rs:259:13
[INFO] [stderr]         std::panicking::try::do_call
[INFO] [stderr]                at /rustc/881c1ac408d93bb7adaa3a51dabab9266e82eee8/library/std/src/panicking.rs:379:40
[INFO] [stderr]         std::panicking::try
[INFO] [stderr]                at /rustc/881c1ac408d93bb7adaa3a51dabab9266e82eee8/library/std/src/panicking.rs:343:19
[INFO] [stderr]         std::panic::catch_unwind
[INFO] [stderr]                at /rustc/881c1ac408d93bb7adaa3a51dabab9266e82eee8/library/std/src/panic.rs:431:14
[INFO] [stderr]         std::rt::lang_start_internal
[INFO] [stderr]                at /rustc/881c1ac408d93bb7adaa3a51dabab9266e82eee8/library/std/src/rt.rs:34:21
[INFO] [stderr]      8: std::rt::lang_start
[INFO] [stderr]                at /rustc/881c1ac408d93bb7adaa3a51dabab9266e82eee8/library/std/src/rt.rs:48:5
[INFO] [stderr]      9: main
[INFO] [stderr]     10: __libc_start_main
[INFO] [stderr]     11: _start
[INFO] [stderr] warning: build failed, waiting for other jobs to finish...
[INFO] [stdout] error[E0658]: trait bounds other than `Sized` on const fn parameters are unstable
[INFO] [stdout]    --> /opt/rustwide/cargo-home/registry/src/github.com-1ecc6299db9ec823/drone-core-0.14.2/src/thr/mod.rs:233:6
[INFO] [stdout]     |
[INFO] [stdout] 233 | impl<T: Thread> LocalOpaque<T> {
[INFO] [stdout]     |      ^
[INFO] [stdout]     |
[INFO] [stdout]     = note: see issue #57563 <https://github.com/rust-lang/rust/issues/57563> for more information
[INFO] [stdout]     = help: add `#![feature(const_fn_trait_bound)]` to the crate attributes to enable
[INFO] [stdout] 
[INFO] [stdout] 
[INFO] [stdout] error[E0658]: trait bounds other than `Sized` on const fn parameters are unstable
[INFO] [stdout]   --> /opt/rustwide/cargo-home/registry/src/github.com-1ecc6299db9ec823/drone-core-0.14.2/src/thr/soft/mod.rs:14:27
[INFO] [stdout]    |
[INFO] [stdout] 14 | pub const fn pending_size<T: SoftThread>() -> usize {
[INFO] [stdout]    |                           ^
[INFO] [stdout]    |
[INFO] [stdout]    = note: see issue #57563 <https://github.com/rust-lang/rust/issues/57563> for more information
[INFO] [stdout]    = help: add `#![feature(const_fn_trait_bound)]` to the crate attributes to enable
[INFO] [stdout] 
[INFO] [stdout] 
[INFO] [stdout] error[E0658]: trait bounds other than `Sized` on const fn parameters are unstable
[INFO] [stdout]   --> /opt/rustwide/cargo-home/registry/src/github.com-1ecc6299db9ec823/drone-core-0.14.2/src/thr/soft/mod.rs:20:27
[INFO] [stdout]    |
[INFO] [stdout] 20 | const fn pending_row_size<T: SoftThread>() -> usize {
[INFO] [stdout]    |                           ^
[INFO] [stdout]    |
[INFO] [stdout]    = note: see issue #57563 <https://github.com/rust-lang/rust/issues/57563> for more information
[INFO] [stdout]    = help: add `#![feature(const_fn_trait_bound)]` to the crate attributes to enable
[INFO] [stdout] 
[INFO] [stdout] 
[INFO] [stdout] error[E0658]: trait bounds other than `Sized` on const fn parameters are unstable
[INFO] [stdout]   --> /opt/rustwide/cargo-home/registry/src/github.com-1ecc6299db9ec823/drone-core-0.14.2/src/thr/soft/mod.rs:24:22
[INFO] [stdout]    |
[INFO] [stdout] 24 | const fn pending_idx<T: SoftThread>(thr_idx: u16, priority: u8) -> usize {
[INFO] [stdout]    |                      ^
[INFO] [stdout]    |
[INFO] [stdout]    = note: see issue #57563 <https://github.com/rust-lang/rust/issues/57563> for more information
[INFO] [stdout]    = help: add `#![feature(const_fn_trait_bound)]` to the crate attributes to enable
[INFO] [stdout] 
[INFO] [stdout] 
[INFO] [stdout] error[E0658]: trait bounds other than `Sized` on const fn parameters are unstable
[INFO] [stdout]   --> /opt/rustwide/cargo-home/registry/src/github.com-1ecc6299db9ec823/drone-core-0.14.2/src/thr/soft/mod.rs:29:22
[INFO] [stdout]    |
[INFO] [stdout] 29 | const fn pending_bit<T: SoftThread>(thr_idx: u16) -> u32 {
[INFO] [stdout]    |                      ^
[INFO] [stdout]    |
[INFO] [stdout]    = note: see issue #57563 <https://github.com/rust-lang/rust/issues/57563> for more information
[INFO] [stdout]    = help: add `#![feature(const_fn_trait_bound)]` to the crate attributes to enable
[INFO] [stdout] 
[INFO] [stdout] 
[INFO] [stdout] error: aborting due to 5 previous errors
[INFO] [stdout] 
[INFO] [stdout] 
[INFO] [stdout] For more information about this error, try `rustc --explain E0658`.
[INFO] [stdout] 
[INFO] [stderr] error: build failed
[INFO] running `Command { std: "docker" "inspect" "7ebfd3d15b3f9bf940071ce990c2adb82c596ad87d9f52a24c0f3ea0c747cc6d", kill_on_drop: false }`
[INFO] running `Command { std: "docker" "rm" "-f" "7ebfd3d15b3f9bf940071ce990c2adb82c596ad87d9f52a24c0f3ea0c747cc6d", kill_on_drop: false }`
[INFO] [stdout] 7ebfd3d15b3f9bf940071ce990c2adb82c596ad87d9f52a24c0f3ea0c747cc6d
